{"id":73,"date":"2025-07-28T13:22:04","date_gmt":"2025-07-28T13:22:04","guid":{"rendered":"https:\/\/fwth.info\/herzlich-willkommen\/?page_id=73"},"modified":"2025-11-07T05:33:14","modified_gmt":"2025-11-07T04:33:14","slug":"ueber-mich","status":"publish","type":"page","link":"https:\/\/fwth.info\/herzlich-willkommen\/ueber-mich\/","title":{"rendered":"\u00dcber mich"},"content":{"rendered":"\t\t<div data-elementor-type=\"wp-page\" data-elementor-id=\"73\" class=\"elementor elementor-73\" data-elementor-post-type=\"page\">\n\t\t\t\t<div class=\"elementor-element elementor-element-2ba1a240 e-flex e-con-boxed e-con e-parent\" data-id=\"2ba1a240\" data-element_type=\"container\" data-e-type=\"container\">\n\t\t\t\t\t<div class=\"e-con-inner\">\n\t\t\t\t<div class=\"elementor-element elementor-element-23ef2b6 elementor-widget elementor-widget-text-editor\" data-id=\"23ef2b6\" data-element_type=\"widget\" data-e-type=\"widget\" data-widget_type=\"text-editor.default\">\n\t\t\t\t\t\t\t\t\t\n<p class=\"has-medium-font-size\">Nach meiner Feuerwehr- und Rettungsdienstausbildung im Jahr 1995 f\u00fcr die Werkfeuerwehr Wacker Chemie K\u00f6ln bin ich \u00fcber die Feuerwehr Pulheim zur Feuerwehr Erftstadt gekommen, bei der ich heute noch als Feuerwehrbeamter hauptberuflich t\u00e4tig bin. W\u00e4hrend meiner frei- und nebenberuflichen T\u00e4tigkeit als Au\u00dfendienstmitarbeiter f\u00fcr ein Unternehmen, welches Feuerwehr-, Hubrettungs-, R\u00fcstwagen usw. inkl. den entsprechenden DIN Beladungen sowie Brandschutz- und TH Bekleidung verkauft hat, habe ich mein Fachwissen in diesem Bereich durch diverse Schulungen \u00fcber Jhre hinweg erworben. Dieses setze ich mittlerweile, neben meinen mittlerweile 30j\u00e4hrigen Berufserfahrung, in meiner eigenen Firma zum Nutzen meiner Kunden ein.<\/p>\n\n<p class=\"has-medium-font-size\">Der neuste Bereich meines T\u00e4tigkeit ist die Promotion der Software <a href=\"https:\/\/www.premergency.de\" target=\"_blank\" rel=\"noreferrer noopener\"><strong>premergency<\/strong><\/a>, der Softwarel\u00f6sung f\u00fcr Einsatzplanung und Bedarfsplanung in Feuerwehr und Rettungsdienst vor Ort. Bei Interesse stelle ich gerne weitergehende Kontakte f\u00fcr sie her.<\/p>\n\t\t\t\t\t\t\t\t<\/div>\n\t\t\t\t\t<\/div>\n\t\t\t\t<\/div>\n\t\t\t\t<\/div>\n\t\t","protected":false},"excerpt":{"rendered":"<p>Nach meiner Feuerwehr- und Rettungsdienstausbildung im Jahr 1995 f\u00fcr die Werkfeuerwehr Wacker Chemie K\u00f6ln bin ich \u00fcber die Feuerwehr Pulheim zur Feuerwehr Erftstadt gekommen, bei der<span class=\"excerpt-hellip\"> [\u2026]<\/span><\/p>\n","protected":false},"author":1,"featured_media":0,"parent":0,"menu_order":0,"comment_status":"closed","ping_status":"closed","template":"","meta":{"footnotes":""},"class_list":["post-73","page","type-page","status-publish","hentry"],"_links":{"self":[{"href":"https:\/\/fwth.info\/herzlich-willkommen\/wp-json\/wp\/v2\/pages\/73","targetHints":{"allow":["GET"]}}],"collection":[{"href":"https:\/\/fwth.info\/herzlich-willkommen\/wp-json\/wp\/v2\/pages"}],"about":[{"href":"https:\/\/fwth.info\/herzlich-willkommen\/wp-json\/wp\/v2\/types\/page"}],"author":[{"embeddable":true,"href":"https:\/\/fwth.info\/herzlich-willkommen\/wp-json\/wp\/v2\/users\/1"}],"replies":[{"embeddable":true,"href":"https:\/\/fwth.info\/herzlich-willkommen\/wp-json\/wp\/v2\/comments?post=73"}],"version-history":[{"count":5,"href":"https:\/\/fwth.info\/herzlich-willkommen\/wp-json\/wp\/v2\/pages\/73\/revisions"}],"predecessor-version":[{"id":137,"href":"https:\/\/fwth.info\/herzlich-willkommen\/wp-json\/wp\/v2\/pages\/73\/revisions\/137"}],"wp:attachment":[{"href":"https:\/\/fwth.info\/herzlich-willkommen\/wp-json\/wp\/v2\/media?parent=73"}],"curies":[{"name":"wp","href":"https:\/\/api.w.org\/{rel}","templated":true}]}}